85 - -5) + (1 - -25)?
6
Evaluate -89 - (29 + -21 - 68).
-29
Calculate -55 + 3 - (1024 - 1113).
37
Evaluate -69 - (17 + -15) - -33.
-38
Calculate 113 + -41 - 59 - 121.
-108
What is the value of -33 + -2 - (42 - 19)?
-58
What is 0 - 17 - (-154 - -142 - (-22 - 5))?
-32
Evaluate -1 + 12 + -15 + -5 + (-44 - 0).
-53
Evaluate (0 - 0) + (-15 - (32 + 10 - 27)).
-30
-5 + (15 - (18 - 27 - -39))
-20
Calculate -49 + 130 - 38 - 107.
-64
What is -38 + -6 - -1 - (53 + -70)?
-26
Calculate (5 - -1) + 6 - ((-6 - 34) + 0).
52
What is the value of (-2 - 4) + 34 + -12 - (117 - 2)?
-99
What is the value of -4 + -32 + -86 + 125?
3
Calculate (0 - 1) + -16 - (-110 + 74 + -1 + 41).
-21
What is 2 + -2 - (2396 - 2285)?
-111
Evaluate -53 + 75 + -29 + 23.
16
What is the value of 59 - -9 - (9 - (-11 + 18) - 7)?
73
What is the value of -65 + 90 + (-10 - 31) + 46?
30
What is the value of (3 - 0) + -8 + -6 + (230 - 201)?
18
Evaluate (3 - 29) + (-42 - -109) + -128.
-87
What is the value of 33 - ((-7 + 10 - 36) + 50)?
16
Calculate -4 + -130 + (2008 - 1865).
9
Evaluate 12 + 58 - 104 - -10.
-24
Evaluate 36 + -34 + 9 + (3 - (-4 - -5)) + -8.
5
(21 - 5) + 46 + -51 - (-8 - 1)
20
Evaluate (10 - 2) + (-3 + 36 - (467 - 465)).
39
What is (-11 - -3) + (-27 - -7) + -20 + -4 - 4?
-56
What is the value of 2 + -66 - (10 - -15) - -26?
-63
What is -13 + 0 - (59 + -79 - (-7 - -5))?
5
Calculate 52 + (-72 + -2 - -52).
30
What is (-29 - (3 - 2)) + -31452 + 31412?
-70
What is the value of 264 + -82 + -190 - ((3 - 2) + 53)?
-62
What is the value of (-1 - -2) + 305 + -330 + (0 - -15)?
-9
(6 - -37) + (24 - 68)
-1
Calculate -135 - (75 - 124) - -78.
-8
4 - -10 - (153 - 158 - (9 + -1))
27
What is 0 + 2 - -43 - ((-9 - -17) + -11 + 4)?
44
What is the value of -33 - (-35 + (-95 - -68))?
29
Calculate -87 - (-72 + 10 + -2).
-23
What is -57 - (-32 - (15 + -40 + 12))?
-38
What is the value of -3 + 0 + 1 + 17 + 101 + (-88 - 116)?
-88
What is -31 + 3 + (-17 - 16)?
-61
What is the value of 0 + 3 + -12 + 379 + -339 + (119 - 2)?
148
Calculate -58 - (-12 - (9 + (-3 + -18 - -11))).
-47
(944 - 907) + 3 + (-1 - (-1 + -1))
41
Calculate -22 + (46 + -17 - 9) - -1.
-1
What is (79 + -4 - -13) + 0 + -22?
66
20 - 1 - (-11 + (-84 - -141))
-27
What is the value of -12 - (81 + -88 - (17 + 1))?
13
-2 + 18 + (-30 + 60 - 54) - 70
-78
What is -9 - (-12 - 3) - 0 - (0 - (27 - -9))?
42
Calculate (-21 - (-10 - 0)) + -17 + -35 - -12.
-51
Evaluate (-1707 - -1621) + -16 + (3 - 5) + 3.
-101
Evaluate 85 + 61 - 88 - 103.
-45
Evaluate 15 + 0 + -60 + 0 + -2 - 15.
-62
-7 + (-4 - 11) + 7 + 53
38
Calculate 1 + 0 + 11 + 22 + -84 + 7 + 20.
-23
What is the value of -5 + 68 - 8 - (-6 + (2 - -10) + -10)?
59
Calculate -1 + 48 + (-831 + 827 - (-1 + -15 - -2)).
57
What is the value of 1574 - 1764 - (-64 + 7)?
-133
What is -18 - (-86 + 14) - 46?
8
What is -22 - 3 - (16 - 52 - -26)?
-15
Calculate 16884 + -16870 - (26 - 0).
-12
Calculate (3 - 8) + -1 - (-316 + 333 - (33 - 0)).
10
What is 14 + 4 + (1216 - 1189)?
45
What is the value of -78 - (-3 - ((13 - (22 + -7)) + (3 - -3)))?
-71
Evaluate 2173 - 2135 - (6 + -72).
104
(1 - (27 - (42 + -49))) + -3
-36
What is -24 + -16 + 28 + 52 - (1 - 10)?
49
57 - (-1 - (-105 - -58)) - (-1 - 1 - -134)
-121
0 + 5 + -11 + 46 + 40 + 2
82
25 + (84 - 26) + (-37 - -2)
48
What is 5 + (-12 - (22 - 14 - 16 - 23))?
24
(-101 + 118 - (-1 - -1)) + 25
42
20 + -99 + 48 - -27
-4
Evaluate -1 + -4 + 12058 + -12064.
-11
Calculate -182 + 54 - -34 - -100.
6
What is -94 - (199 + -99 - 107)?
-87
What is the value of 5 - -43 - (14 + (17 - 27) + -8)?
52
What is the value of 4 + -22 + (35 - 34) - -55?
38
What is the value of (22 - (-19 - 25 - -15)) + -20?
31
What is the value of 44 + -8 + 34 + -50?
20
Calculate 66 - (77 - (40 - 99)).
-70
Calculate 8 - -10 - -9 - (161 - 32).
-102
Evaluate (1 - 1 - (-1840 - -1833)) + -52.
-45
-35 - 0 - (-128 - -128)
-35
What is -74 - (-23 + -1 - (-91 - -94))?
-47
-7 - (-54 + (-178 + 171 - (-1 + 1) - -11))
43
-10 + -3 + 7 + 3 + -1 + 35 + 35
66
-140 - (-38 - (-63 - 16) - 78)
-103
Calculate -594 + 571 + (31 - 2) + (-38 - (-2 - -1)).
-31
Calculate -24 - (11 - (9 + -10) - (9 + -6)).
-33
0 - 0 - (11 + (18 + -9 - 9) - -53)
-64
-90 + (270 + -253 - (3 - (-10 - 1)))
-87
What is the value of 1 + (-1 - 41) - (12 - (-56 - -49) - 17)?
-43
Calculate -61 + 0 + 28 + (85 - 121).
-69
Calculate (1861 - 1871) + 53 + -1.
42
What is 4881 + -4873 + 114 + -3?
119
Evaluate (28 - 10 - 7 - 4) + -6 - -11.
12
(-2 - -11) + (-3 - 6) + 5 - -67
72
-8 + (38 + -14 + -3 - 5)
8
What is -4 + (0 - 18 - (-4 - 7) - 12)?
-23
(17 - (-58 + 74)) + (-2 - 1 - -4)
2
Calculate (9 - (3 + 3 + -9)) + -795 + 913.
130
What is (2 - -4) + (-4 - -26 - (57 + -70))?
41
What is -123 + -39 + 69 - -135?
42
Evaluate (-66 - 6) + -129 - -92.
-109
What is the value of -63 + (23 - (9 - 0) - (28 - 8))?
-69
-21 - ((-152 - -79) + 74)
-22
Evaluate -7 - (-12 + (0 - (15 - 11 - 1))) - 43.
-35
0 - 9 - (53 - 3) - (-7 - (-3 + -2))
-57
Calculate (-4 - -7) + 1 + 8 + -20 - 8.
-16
What is the value of -29 - 1 - (-41 - -47 - (1 - (-3 - 13)))?
-19
(-9 - (16 - 32)) + -11 - -15
11
Evaluate -3 - (21 + -15 + -44 + 13) - 66.
-44
Calculate (-37 - (-19 + 3) - -11) + -20.
-30
-10 + 0 - ((-13 - -34 - -18) + -56)
7
What is the value of (-15 - -9) + (1 - -1) - 7 - (89 + -59)?
-41
Calculate -12 - (1 - 0) - (-39 + -6).
32
2 - -9 - (51 + -5 - 37 - 13)
15
Calculate 27 + -11 + -6 + 37.
47
-6 + 10 + 4 - (4 + -51 - -43)
12
Calculate (-56 + 49 - -12) + -5 + -1 + 0 - -114.
113
What is the value of (124 + -113 - 45) + -83?
-117
Calculate (-16 - 97) + 179 + 39.
105
Calculate (7636 - 7511) + -2 + -223.
-100
What is the value of -17 + 15 + 15 + 12 + -45 + -80?
-100
Evaluate 5 - ((2 - (3 + 3 + -6)) + -6).
9
Evaluate 33 - (46 + -79 - -92).
-26
Evaluate -28 + 60 + -14 - (-45 - 0).
63
Calculate -11 + -11 + 9 + -8 + 21 + 18.
18
Calculate 25 - -135 - 67 - 112.
-19
What is -43 + 0 + -4 - (-2 + (-20 - (-11 + 3)))?
-33
What is -17 + 9 + (-6 - (10 - 7))?
-17
What is (-71 - (-61 + 9)) + 63?
44
What is (6 - -6 - 3) + ((-2 - 6) + 2 - -5)?
8
What is (-2 - 28) + 74 + -39?
5
What is 3421 - 3474 - (0 - 9)?
-44
Calculate (-619 - -617) + (0 + 3 + -5 - -6).
2
Evaluate -1 - -35 - (51 + 3 + -37).
17
Calculate -16 + 3 - (-1 - 7) - -6 - 42.
-41
Evaluate -70 + (74 - -140) + -73.
71
22 - (-65 - (50 + -187))
-50
What is the value of 6 + 0 + (-9 - 10 - -9) + -55?
-59
Calculate (-21 + -1 + -1 - (1199 - 1212)) + -2 - -128.
116
4 + -6 + 52 - (-31 - -48)
33
Evaluate 110 + -89 + (4 - 50) - -5.
-20
What is (-9 - (35 - 51)) + (3 - 1 - -74)?
83
What is the value of 0 + 7 + (19 - 29 - (48 + -1) - -13)?
-37
156 + -158 + 9 + 2 + -3 - -13
19
Calculate -55 + (-28 - -73) - (26 - (7 + -3 + -6)).
-38
(-3 - -27) + (3 + 3 - 146)
-116
16 + -5 + 2 + 17 + (7 - 19)
18
Calculate -36 - ((35 + -57 - -10) + 1).
-25
Evaluate 16 + 67 + -51 - 49.
-17
What is the value of (1 - -44) + 34 + -46 + -37 + 39?
35
154 - 1 - (3555 - 3471)
69
Calculate (-34 - -9) + -34 + 15.
-44
(-48 - -109) + -97 - (-19 - 81)
64
(17 + 8 - 13) + -37
-25
Evaluate (-408 - -343) + -1 + 32 + 27.
-7
Calculate -1 + 0 + 2 + (-10 - 0 - -13) + 17.
21
Evaluate -20 + 40 - (-35 - -9 - -32).
14
What is the value of 3 - (14 + -4) - (-48 - (-48 + -12))?
-19
What is -62 + -49 + 85 + -37?
-63
What is the value of 75 + (44 - 27) + -120?
-28
What is (97 - 85) + 12 - (-1 - -4)?
21
Evaluate (3 - 2) + 83 + (-25 - -29 - (-15 + 20)).
83
Calculate -127 + (228 + -50 - -67).
118
53 + (-12 - (5 + -26)) + 0
62
(-15 + -26 + 23 - -127) + -7 - (11 - -1)
90
What is 81 + -26 + -48 + (-2 - (-1 - 68)) + -5?
69
What is 10 + 24 + 2 + 2 - (217 + -214)?
35
Evaluate -97 - ((-21 - (21 + (17 - 60))) + 7 + -1).
-104
What is the value of -10 + -86 - (-114 - -61)?
-43
-3 - (30 + -52) - 14
5
What is the value of -4 + 1 - ((-1 - 0) + (14 - (-13 - -79)))?
50
-4351 - -4388 - (0 + -1 + 26) - (3 + -21)
30
84 - 96 - (-14 + 0 - -1)
1
Evaluate -2 + -34 + (17 - (-23 + 48)).
-44
What is the value of 9 + (-10 + 15 + -83 - 15) + -20?
-104
Calculate -79 + (-1 - -11 - (-11 + 12)) + 0 + -1.
-71
What is 16 + 2 + 4 + (25 - (4 - -26))?
17
Calculate -2 - (-7 + -4) - (47 + (13 - 1 - 20)).
-30
Calculate (-32 - (7 - 10) - -8) + 58.
37
Evaluate 9 - (-416 + 428 + 18 + -1 + 2).
-22
29 + (65 + -8 - 120)
-34
Evaluate -103 - -141 - 41 - (1 - (-9 - -1)).
-12
What is -89 + 196 + -